 - -1?
-2ac3835
In base 11, what is 1567737a - -2?
15677381
In base 3, what is -222201001022220 + -2022?
-222201001102012
In base 4, what is -1022 - -1312221?
1311133
In base 10, what is 22274 + -522?
21752
In base 11, what is -220051aa4 + -4?
-220051aa8
In base 4, what is -33100 + -1330010?
-2023110
In base 3, what is -101102211012 - -11211?
-101102122101
In base 6, what is -41 - -15035523?
15035442
In base 12, what is -213b75 + -21?
-213b96
In base 13, what is 19310 - -4?
19314
In base 9, what is -2 - -146025821?
146025818
In base 16, what is -42aeba - 5?
-42aebf
In base 10, what is -15 + 2096881?
2096866
In base 15, what is 153 - -38b7e?
38cd2
In base 14, what is -6b3366 - c4?
-6b344a
In base 8, what is 55 - 2153220?
-2153143
In base 4, what is 232003 - -1022313311?
1023211320
In base 7, what is 0 - 103062130?
-103062130
In base 12, what is -27a7 - 299a1?
-30588
In base 12, what is 9073260 + -1?
907325b
In base 3, what is -1 - 1200121110020020?
-1200121110020021
In base 3, what is 12102002010200 - -2111?
12102002020011
In base 16, what is -8b3845 + -2?
-8b3847
In base 12, what is -476 - -8541?
8087
In base 9, what is 47 + -1146213?
-1146155
In base 9, what is 65120 + -441?
64568
In base 13, what is 11513477 + 0?
11513477
In base 12, what is 2 - -53269b19?
53269b1b
In base 13, what is -3830b - 7c?
-3838a
In base 11, what is -2 + -2422913?
-2422915
In base 2, what is -1011010000 - 1101010001111010001?
-1101010011010100001
In base 4, what is 33103103100 + -2?
33103103032
In base 12, what is -5a82a - -126?
-5a704
In base 6, what is 110233413 + -1?
110233412
In base 15, what is 61 - 1645c?
-163eb
In base 5, what is 1013 + -344332341?
-344331323
In base 4, what is 20313300000023 - 11?
20313300000012
In base 9, what is 52 - -434481?
434543
In base 3, what is 11 + 10001102100000000?
10001102100000011
In base 10, what is -3 - -45253418?
45253415
In base 16, what is 3 - cb111?
-cb10e
In base 6, what is -345 - 34355045?
-34355434
In base 14, what is -3 - ba8934?
-ba8937
In base 3, what is -112122 - 20121120?
-21011012
In base 7, what is -41522 - -223?
-41266
In base 8, what is -5 - 125645257?
-125645264
In base 4, what is 13032311 - -10033?
13103010
In base 2, what is -1001011110000000101011110100 + 100?
-1001011110000000101011110000
In base 16, what is -d3979 + -7a?
-d39f3
In base 6, what is -13 - -213022404?
213022351
In base 12, what is 73521a + -8a?
735150
In base 10, what is 51989 + -257?
51732
In base 12, what is -259 - b478?
-b715
In base 10, what is 5 - -2844841?
2844846
In base 15, what is -1dab3 - -176?
-1d93c
In base 15, what is 1cea4 + -117?
1cd8c
In base 10, what is 5213893 - -11?
5213904
In base 5, what is 30 - -21112430?
21113010
In base 8, what is 14776 - -12345?
27343
In base 9, what is 1 - 173048133?
-173048132
In base 14, what is 618b8b58 + -5?
618b8b53
In base 2, what is 1011110110 - -111001101010?
1000101100000
In base 9, what is -74251 - 87?
-74348
In base 9, what is 437 + -802?
-354
In base 16, what is -1754 - -281?
-14d3
In base 16, what is -4 - 45643e?
-456442
In base 12, what is 6 + -11b45b7?
-11b45b1
In base 16, what is 642e48 - -1f?
642e67
In base 7, what is -15116452 + -152?
-15116634
In base 3, what is 11102022 - 1221002?
2111020
In base 11, what is 74956 - 17?
7493a
In base 15, what is 1634493 - e?
1634484
In base 4, what is 1 + -3121112030?
-3121112023
In base 3, what is 201022202 - -112000012?
1020022221
In base 8, what is -5525 + 755?
-4550
In base 15, what is -42213e + -7?
-422146
In base 6, what is 352212403 - 3?
352212400
In base 4, what is -2220221030 - -10?
-2220221020
In base 5, what is -1222311134 - -110?
-1222311024
In base 10, what is 358161 - -75?
358236
In base 5, what is 3331 + 41034?
44420
In base 13, what is 4b844 - -36c?
4bbb3
In base 13, what is 3 - -69056b?
690571
In base 6, what is -3200 + -22424?
-30024
In base 14, what is 12 + -65d27?
-65d15
In base 15, what is -6 + 9519395?
951938e
In base 14, what is -10 - -19144?
19134
In base 2, what is 1000001001000111111 - 110100?
1000001001000001011
In base 11, what is 8a77582 - 0?
8a77582
In base 14, what is -a76791 + -5?
-a76796
In base 2, what is 1111000101001000100111100 + -11001?
1111000101001000100100011
In base 4, what is 2131220330 - -12203?
2131233133
In base 7, what is -502563613 + -2?
-502563615
In base 16, what is -23 + -21903?
-21926
In base 13, what is -351799 + 6?
-351793
In base 11, what is 96055653 + -2?
96055651
In base 4, what is -2201201 - 331?
-2202132
In base 3, what is -21002022 + -2010120?
-100012212
In base 13, what is -8180 + 2346?
-5b37
In base 12, what is 798 + 39608?
3a1a4
In base 6, what is -54 + 4534534?
4534440
In base 7, what is 111343 + -26025?
52315
In base 15, what is 179 - -b2bba?
b2d44
In base 6, what is 1423211 - 15?
1423152
In base 7, what is 11142 + -14150?
-3005
In base 15, what is 2a + -e50c?
-e4d2
In base 12, what is -421b8 + 683?
-41735
In base 15, what is 5ae - 1178?
-ab9
In base 3, what is -120101001 - 122221202?
-1020022210
In base 5, what is 2 - 31012314101?
-31012314044
In base 7, what is 4334413 + 55?
4334501
In base 16, what is -832cda0 + 2?
-832cd9e
In base 4, what is -132322233 + 300?
-132321333
In base 11, what is -5366 - -2a50?
-2416
In base 3, what is -102102221 - -11002111020?
10200001022
In base 4, what is 12210120112031 - 0?
12210120112031
In base 15, what is 113154 - 5?
11314e
In base 4, what is 3131321110010 - -11?
3131321110021
In base 14, what is 21d3 - -27d?
2472
In base 4, what is 32021 - 30201?
1220
In base 13, what is 2b - -2c26787?
2c267b5
In base 7, what is 123 + 4640510?
4640633
In base 10, what is 3 - -36911616?
36911619
In base 10, what is 2 - -7230614?
7230616
In base 10, what is 5 + 1022259?
1022264
In base 2, what is -1010111011011111110 + -100001111?
-1010111100000001101
In base 9, what is -8884058 + 3?
-8884055
In base 14, what is -2 - -5a7c46?
5a7c44
In base 13, what is 1bb + -3893?
-36a5
In base 16, what is -5 + 29ff7db?
29ff7d6
In base 11, what is -1728 + 134?
-15a4
In base 13, what is 20b83 - -1532?
223b5
In base 13, what is 36a9 + 17b?
3857
In base 6, what is -102314 + -31505?
-134223
In base 12, what is -2 + -6a47304?
-6a47306
In base 2, what is 110 - -1001110110001000100010001?
1001110110001000100010111
In base 13, what is 2 + 58a8?
58aa
In base 4, what is -302 + -11100003101?
-11100010003
In base 16, what is -a649 + -134?
-a77d
In base 14, what is -2 + -816c52?
-816c54
In base 9, what is -12353 + -1270?
-13633
In base 16, what is 6402395 - 4?
6402391
In base 16, what is -11076 + -ea5?
-11f1b
In base 2, what is -11001 - -1000111000110000011011001?
1000111000110000011000000
In base 3, what is -210120201 - 1020001?
-211210202
In base 16, what is -d - 3d2e7?
-3d2f4
In base 14, what is -1 - -99a9?
99a8
In base 10, what is -6402 - 5238?
-11640
In base 9, what is 23755 - 316?
23438
In base 14, what is -11a7 + -5759?
-6922
In base 12, what is -2696b + 43b?
-26530
In base 2, what is -1000111110001101101 - 1100?
-1000111110001111001
In base 11, what is 6 - -43180a?
431815
In base 2, what is -101011 + 111110100110100100?
111110100101111001
In base 5, what is 2143 + 2230440?
2233133
In base 6, what is -2403434214 - -2?
-2403434212
In base 9, what is -201440 - 38?
-201478
In base 10, what is 4006915 - -2?
4006917
In base 13, what is -8 - -31881?
31876
In base 16, what is -2f06b - e65?
-2fed0
In base 6, what is -113 + -10252033?
-10252150
In base 14, what is -8a3c2501 + -1?
-8a3c2502
In base 13, what is 9559 + 52c?
9a88
In base 3, what is -20210102 + -2?
-20210111
In base 3, what is -101100221 + -11011?
-101112002
In base 8, what is 67620246 - -13?
67620261
In base 2, what is 101 - -1010101011111001001000?
1010101011111001001101
In base 16, what is 5 - -1010deb?
1010df0
In base 6, what is -4 + 440442200?
440442152
In base 5, what is -132 + -22220410?
-22221042
In base 15, what is d5 - 7add6?
-7ad01
In base 5, what is -44 - 431011?
-431110
In base 9, what is 53785762 - 5?
53785756
In base 4, what is 2021 - 33323310020?
-33323301333
In base 3, what is 212010222 - -120100100?
1102111022
In base 15, what is -1e618 + 3e?
-1e5c9
In base 9, what is -16 + -36463422?
-36463438
In base 2, what is 100111111000111 - 11011?
100111110101100
In base 6, what is -20034325 - -235?
-20034050
In base 1